ded by k(-10)?
4
Suppose 165 = -4*i + 9*i. Calculate the remainder when i is divided by 23.
10
Let h(f) = 4*f - f + 5*f - 6. Let p be h(-5). Calculate the remainder when (3*p/(-3))/2 is divided by 12.
11
Let d be (24/28)/(2/7). Suppose d*r - 11 = 1. Suppose -x = -h - 5, -x - h + 5 = 2*h. What is the remainder when x is divided by r?
1
Let r(f) = f - 1. Let x be 2/4 + 34/4. What is the remainder when 14 is divided by r(x)?
6
Suppose 2*n + 3*r = 208, -n = 2*r - 44 - 61. Calculate the remainder when n is divided by 28.
17
Suppose -120 = -2*k - k. Calculate the remainder when k is divided by 3/((-6)/(-4))*7.
12
Let p = -19 + 49. What is the remainder when 56 is divided by p?
26
Let l(u) = -8*u + 3. Let i = -10 - -5. Calculate the remainder when l(i) is divided by 15.
13
Let b(p) = p**3 - 15*p**2 - p + 22. What is the remainder when 27 is divided by b(15)?
6
Suppose 0 = 3*y - 3, -8*m + 4*m + 166 = -2*y. What is the remainder when m is divided by (-174)/(-8) + (-3)/(-12)?
20
Suppose -6*o = -3*o + 12, -2*o - 8 = 5*y. Suppose y = t - 2*t + 14. Let q = -285 + 311. What is the remainder when q is divided by t?
12
Suppose -3*l = -3*z + 69, -z + 2*z - 32 = 4*l. Calculate the remainder when z is divided by 3.
2
Suppose -16 = 2*g - 2. Let q = 10 + g. What is the remainder when 8 is divided by q?
2
Let h(v) = 4*v**2 - 3*v - 3. Calculate the remainder when 94 is divided by h(3).
22
Let f(x) = -6*x + 7. Let g = 13 - 8. Let y be (-2)/(-5) + (-32)/g. Calculate the remainder when f(y) is divided by 15.
13
Suppose 5*t = -3*g + 31 + 11, -5*g = -5*t - 30. What is the remainder when g is divided by ((-3)/2 - 1)/((-26)/52)?
4
Suppose 4*t = 2*t + 34. Calculate the remainder when 50 is divided by t.
16
Let k(f) = f**3 + f**3 + 38 - 3*f**3. Suppose 0 = -0*n - 5*n. What is the remainder when k(n) is divided by 10?
8
Let g(y) = -y**2 + 4*y + 8. Let z be g(7). Let s = z - -19. Calculate the remainder when 17 is divided by s.
5
Let h(c) = 6*c + 1 - c**2 + 1 + 0 - c. What is the remainder when h(5) is divided by 2?
0
Let p be 2/(0 + -1 - -3). Let f(s) = 2*s**2 - s. Let y be f(p). What is the remainder when 19 is divided by y/(-1)*(-7 - 0)?
5
Suppose 0 = -2*q + 5*q - 75. Suppose y + 7 = 3*b, 3*b - q = -2*b. Suppose -3*a - 3*u = -u - 5, -2*u - 7 = -a. What is the remainder when y is divided by a?
2
Suppose -x = -6*x. Let y be x - (3/1 + -3). Let j(c) = c**2 - c + 14. What is the remainder when j(y) is divided by 8?
6
Let u(o) be the first derivative of 23*o**2 - 4. Calculate the remainder when u(1) is divided by 24.
22
Let h(c) = -c + 33. Let d(s) = 3*s**2 + s - 50. What is the remainder when d(6) is divided by h(0)?
31
Let f(q) = q**2 + 4*q - 8. What is the remainder when (-865)/(-35) - (-2)/7 is divided by f(-7)?
12
Let a = 4 - -4. Suppose a = 2*r - 10. What is the remainder when r is divided by 3?
0
What is the remainder when ((-2)/(-6))/(9/5886) is divided by 17?
14
Suppose -4 = -2*p + p. Let x = 7 + -4. Let b = x - -7. What is the remainder when b is divided by p?
2
Let a = 2 - 0. Suppose 50 = 5*d + 2*v, -a*d + 0*d - 2*v + 14 = 0. Calculate the remainder when 33 is divided by d.
9
Let f(q) = -q + 15. Calculate the remainder when 39 is divided by f(4).
6
Suppose 4*x + 16 = 76. Let f(a) = -28*a - 3. Let j be f(-3). Let d = -38 + j. Calculate the remainder when d is divided by x.
13
Let x be 2 + -1 + (-48)/(-3). Suppose 0 = v - x + 3. Calculate the remainder when 54 is divided by v.
12
Let t(o) = 6*o - 2. Let y be (-1)/((-7)/(-6) - 1). Let i be (y/6)/((-2)/8). Calculate the remainder when t(i) is divided by 8.
6
Let z(k) = -2*k**3 - 15*k**2 - 4*k - 6. What is the remainder when z(-8) is divided by 46?
44
Let y(t) = t**2 - 6*t - 41. Let b(l) be the second derivative of l**3/3 - l**2 - l. Calculate the remainder when y(-6) is divided by b(5).
7
Let p(a) = a**3 - 2*a**2 - 2*a + 1. Let k be p(2). Let m = 4 + k. Let l(j) = j**3 - j**2 + j. What is the remainder when 2 is divided by l(m)?
0
Suppose 0 = 3*n - 0*n + 4*z - 160, 0 = 2*n + 2*z - 104. What is the remainder when 188 is divided by n?
44
Suppose 2*s = -3*s - 15. What is the remainder when ((-66)/s)/(-4 - -5) is divided by 12?
10
Calculate the remainder when (94/2)/((-7)/(-14)) is divided by 16.
14
Let a = -11 - -18. Let k(b) = 5*b - 9. What is the remainder when k(4) is divided by a?
4
Suppose 0 = 2*h + 5*q, h + q + 3*q = -3. Suppose 0 = -2*u - 23 + 81. Let n = u - 16. Calculate the remainder when n is divided by h.
3
Suppose -2*z + 90 = 5*r, -8*r + 110 = -3*r - 2*z. Calculate the remainder when 237 is divided by r.
17
Suppose 3*c - 4*n + 5 = 0, 3 + 2 = 4*c - 3*n. What is the remainder when 38 is divided by c?
3
Let a(k) = 3*k - 5. Let j(y) = -4*y + 5. Let w(h) = -5*a(h) - 4*j(h). Let n be w(6). Let l = n + -2. Calculate the remainder when 16 is divided by l.
7
What is the remainder when (66/(-11))/((-4)/22) is divided by 12?
9
Let l(u) be the first derivative of -u**2/2 + 15*u - 1. Let d(v) = -17*v - 42. What is the remainder when d(-5) is divided by l(0)?
13
Let t = -86 + 163. What is the remainder when t is divided by 13?
12
Suppose w = -4*w - m - 2, -5*m = 3*w + 10. Let f(o) = -o + 50. Let z(n) = 2*n**2 + 6*n - 3. What is the remainder when f(w) is divided by z(-5)?
16
Suppose -81 = -3*p - 3*k, -5*p + p = -k - 118. Calculate the remainder when 53 is divided by p.
24
Let g = 90 - 84. Calculate the remainder when 16 is divided by g.
4
Let x(b) = 2*b - 1. What is the remainder when 86 is divided by x(6)?
9
Let g be 2*(110/4)/5. Let l(p) = 4*p - 10. Let y be l(g). Let a = -13 + y. What is the remainder when 82 is divided by a?
19
Let c(x) = 2*x - 3. Let z(y) = 5*y - 2. Let t be z(2). Calculate the remainder when 49 is divided by c(t).
10
Let g be -5*(1 + (-17)/(-5)). Let j = 38 + g. What is the remainder when j is divided by 2/3*63/7?
4
Let y be 4 + 0 + (0 - 0). Suppose 0 = k - 2*i + 3, -y*k - k + 3 = -4*i. Calculate the remainder when 4 is divided by k.
1
Suppose -3*f - f - 56 = 0. Calculate the remainder when 28 is divided by 3 + f*(-2)/4.
8
Let w be 1*(-3)/(-1 + 4). Let h = -1 + w. Let y = 0 - h. What is the remainder when y is divided by 1?
0
Let d(f) = f**3 + 4*f**2 - 2*f + 5. Let s be d(-5). Let b = -6 - s. Suppose 0 = 2*l - l + 4*u - 10, 2*u = b. Calculate the remainder when 3 is divided by l.
1
Suppose -2*n = 3*p - 16, -40 = -5*n - 2*p - 0*p. What is the remainder when 22 is divided by n?
6
Suppose -5*i - 75 = -2*z - 3*z, -i + 2*z - 19 = 0. Suppose -u = -0*u - 35. Let s = u + i. What is the remainder when s is divided by 13?
11
Let a = 4 - -1. Suppose 15 = 4*o - a. Suppose -o*v = j - 67, 0 = -4*j + 2*v + v + 199. What is the remainder when j is divided by 18?
16
Suppose -30 = 4*l + 22. Let b = 17 - 10. Calculate the remainder when 2/1*l/(-2) is divided by b.
6
Let f(n) = -n**2 - 5*n - 3. Suppose 39 = 5*l - 1. Suppose -d + l - 1 = 0. Calculate the remainder when d is divided by f(-2).
1
Let w = 38 + -68. Let r be w/(-9) + 4/6. Suppose 5*k = 4*d - 22, -r*d = k - 4*k - 26. What is the remainder when d is divided by 5?
3
Let f = 8 + 1. Let o(m) be the second derivative of m**3/3 - 7*m**2 + m. Calculate the remainder when f is divided by o(10).
3
Let y = -37 + 58. Suppose -2*u + 3*k + 60 = 0, -2*k - y - 11 = -u. What is the remainder when u is divided by 14?
10
Let u = -87 - -96. What is the remainder when 41 is divided by u?
5
Let y(m) = m**2 + 13*m + 15. What is the remainder when (2/2 + -4)/(-1) is divided by y(-12)?
0
Let p(c) = c**3 - c**2 + c - 20. Let o be p(0). Let m = 38 - 67. Let x = o - m. What is the remainder when 17 is divided by x?
8
Let c be (8/10)/((-2)/(-35)). Suppose 0 = -h + c. Calculate the remainder when 26 is divided by h.
12
Let b(s) = s**2 - 7*s - 7. Suppose -2*y + 17 = -x, 0*x = 2*y + 4*x - 12. What is the remainder when 2 is divided by b(y)?
0
Let y(l) = 9*l**2 + 4*l - 7. Calculate the remainder when y(3) is divided by 29.
28
Let a(j) = j**3 - 8*j**2 + 5. Calculate the remainder when a(8) is divided by 4.
1
Let d = 7 + -4. Suppose -l = -2*g - d*g - 25, -g = -3*l + 19. Calculate the remainder when 7 is divided by l.
2
Suppose 0 = -5*a + 5*z + 65, -a + 2*z + 13 + 1 = 0. Suppose a + 2 = 2*f. What is the remainder when f is divided by 3?
1
Suppose 2*p = -x + p + 14, 4 = 4*p. Suppose 20 = 3*n -